{"id":97,"date":"2023-03-17T11:09:25","date_gmt":"2023-03-17T08:09:25","guid":{"rendered":"https:\/\/yeni.maliyeokulu.org.tr\/?page_id=97"},"modified":"2026-04-05T21:38:11","modified_gmt":"2026-04-05T18:38:11","slug":"gumruk","status":"publish","type":"page","link":"https:\/\/yeni.maliyeokulu.org.tr\/?page_id=97","title":{"rendered":"G\u00fcmr\u00fck"},"content":{"rendered":"\t\t<div data-elementor-type=\"wp-page\" data-elementor-id=\"97\" class=\"elementor elementor-97\" data-elementor-settings=\"{&quot;element_pack_global_tooltip_width&quot;:{&quot;unit&quot;:&quot;px&quot;,&quot;size&quot;:&quot;&quot;,&quot;sizes&quot;:[]},&quot;element_pack_global_tooltip_width_tablet&quot;:{&quot;unit&quot;:&quot;px&quot;,&quot;size&quot;:&quot;&quot;,&quot;sizes&quot;:[]},&quot;element_pack_global_tooltip_width_mobile&quot;:{&quot;unit&quot;:&quot;px&quot;,&quot;size&quot;:&quot;&quot;,&quot;sizes&quot;:[]},&quot;element_pack_global_tooltip_padding&quot;:{&quot;unit&quot;:&quot;px&quot;,&quot;top&quot;:&quot;&quot;,&quot;right&quot;:&quot;&quot;,&quot;bottom&quot;:&quot;&quot;,&quot;left&quot;:&quot;&quot;,&quot;isLinked&quot;:true},&quot;element_pack_global_tooltip_padding_tablet&quot;:{&quot;unit&quot;:&quot;px&quot;,&quot;top&quot;:&quot;&quot;,&quot;right&quot;:&quot;&quot;,&quot;bottom&quot;:&quot;&quot;,&quot;left&quot;:&quot;&quot;,&quot;isLinked&quot;:true},&quot;element_pack_global_tooltip_padding_mobile&quot;:{&quot;unit&quot;:&quot;px&quot;,&quot;top&quot;:&quot;&quot;,&quot;right&quot;:&quot;&quot;,&quot;bottom&quot;:&quot;&quot;,&quot;left&quot;:&quot;&quot;,&quot;isLinked&quot;:true},&quot;element_pack_global_tooltip_border_radius&quot;:{&quot;unit&quot;:&quot;px&quot;,&quot;top&quot;:&quot;&quot;,&quot;right&quot;:&quot;&quot;,&quot;bottom&quot;:&quot;&quot;,&quot;left&quot;:&quot;&quot;,&quot;isLinked&quot;:true},&quot;element_pack_global_tooltip_border_radius_tablet&quot;:{&quot;unit&quot;:&quot;px&quot;,&quot;top&quot;:&quot;&quot;,&quot;right&quot;:&quot;&quot;,&quot;bottom&quot;:&quot;&quot;,&quot;left&quot;:&quot;&quot;,&quot;isLinked&quot;:true},&quot;element_pack_global_tooltip_border_radius_mobile&quot;:{&quot;unit&quot;:&quot;px&quot;,&quot;top&quot;:&quot;&quot;,&quot;right&quot;:&quot;&quot;,&quot;bottom&quot;:&quot;&quot;,&quot;left&quot;:&quot;&quot;,&quot;isLinked&quot;:true}}\" data-elementor-post-type=\"page\">\n\t\t\t\t<div data-particle_enable=\"false\" data-particle-mobile-disabled=\"false\" class=\"elementor-element elementor-element-78e854ef animated-slow e-flex e-con-boxed e-con e-parent\" data-id=\"78e854ef\" data-element_type=\"container\" data-settings=\"{&quot;background_background&quot;:&quot;gradient&quot;,&quot;animation&quot;:&quot;none&quot;}\">\n\t\t\t\t\t<div class=\"e-con-inner\">\n\t\t<div data-particle_enable=\"false\" data-particle-mobile-disabled=\"false\" class=\"elementor-element elementor-element-30fc7bb3 e-con-full e-flex e-con e-child\" data-id=\"30fc7bb3\" data-element_type=\"container\">\n\t\t\t\t<div class=\"elementor-element elementor-element-313e7600 elementor-widget__width-initial elementor-widget-tablet__width-initial elementor-widget elementor-widget-heading\" data-id=\"313e7600\" data-element_type=\"widget\" data-widget_type=\"heading.default\">\n\t\t\t\t<div class=\"elementor-widget-container\">\n\t\t\t\t\t<h2 class=\"elementor-heading-title elementor-size-xxl\">Makaleler<\/h2>\t\t\t\t<\/div>\n\t\t\t\t<\/div>\n\t\t\t\t<\/div>\n\t\t\t\t\t<\/div>\n\t\t\t\t<\/div>\n\t\t<div data-particle_enable=\"false\" data-particle-mobile-disabled=\"false\" class=\"elementor-element elementor-element-8da4591 e-flex e-con-boxed e-con e-parent\" data-id=\"8da4591\" data-element_type=\"container\" data-settings=\"{&quot;background_background&quot;:&quot;gradient&quot;}\">\n\t\t\t\t\t<div class=\"e-con-inner\">\n\t\t\t\t<div class=\"elementor-element elementor-element-97d4f3c elementor-widget elementor-widget-heading\" data-id=\"97d4f3c\" data-element_type=\"widget\" data-widget_type=\"heading.default\">\n\t\t\t\t<div class=\"elementor-widget-container\">\n\t\t\t\t\t<h2 class=\"elementor-heading-title elementor-size-default\">G\u00dcMR\u00dcK HUHUKU MAKALELER\u0130<\/h2>\t\t\t\t<\/div>\n\t\t\t\t<\/div>\n\t\t\t\t\t<\/div>\n\t\t\t\t<\/div>\n\t\t<div data-particle_enable=\"false\" data-particle-mobile-disabled=\"false\" class=\"elementor-element elementor-element-ba27099 e-flex e-con-boxed e-con e-parent\" data-id=\"ba27099\" data-element_type=\"container\">\n\t\t\t\t\t<div class=\"e-con-inner\">\n\t\t\t\t<div class=\"elementor-element elementor-element-bd5bb64 elementor-widget elementor-widget-eael-post-block\" data-id=\"bd5bb64\" data-element_type=\"widget\" data-widget_type=\"eael-post-block.default\">\n\t\t\t\t<div class=\"elementor-widget-container\">\n\t\t\t\t\t<div id=\"eael-post-block-bd5bb64\" class=\"eael-post-block default post-block-layout-block\">\n            <div class=\"eael-post-block-grid eael-post-appender eael-post-appender-bd5bb64  \"><article class=\"eael-post-block-item eael-post-block-column\">\n    <div class=\"eael-post-block-item-holder\">\n        <div class=\"eael-post-block-item-holder-inner\"><div class=\"eael-entry-media\">\n                    <div class=\"eael-entry-overlay fade-in\"><i class=\"fas fa-long-arrow-alt-right\" aria-hidden=\"true\"><\/i><a href=\"https:\/\/yeni.maliyeokulu.org.tr\/?p=17476\"\n                    \n                    >\n                    <\/a>\n                    <\/div>\n                    <div class=\"eael-entry-thumbnail eael-image-ratio\">\n                        <img decoding=\"async\" src=\"https:\/\/yeni.maliyeokulu.org.tr\/wp-content\/uploads\/2025\/03\/gumruk-beyannameleri-300x200.webp\" alt=\"\">\n                    <\/div>\n                <\/div><div class=\"eael-entry-wrapper\"><header class=\"eael-entry-header\"><h2 class=\"eael-entry-title\">\n                                    <a class=\"eael-grid-post-link\" href=\"https:\/\/yeni.maliyeokulu.org.tr\/?p=17476\" title=\"G\u00dcMR\u00dcK BEYANNAMES\u0130NE D\u00d6V\u0130Z C\u0130NS\u0130N\u0130N YANLI\u015e\/HATALI YAZILMASI VERG\u0130 KAYBI CEZASINI GEREKT\u0130R\u0130R M\u0130?\">\n                                    G\u00dcMR\u00dcK BEYANNAMES\u0130NE D\u00d6V\u0130Z C\u0130NS\u0130N\u0130N YANLI\u015e\/HATALI YAZILMASI VERG\u0130 KAYBI CEZASINI GEREKT\u0130R\u0130R M\u0130?\n                                    <\/a>\n\n                                <\/h2><\/header><div class=\"eael-entry-content\"><div class=\"eael-grid-post-excerpt\"><p>Makaleler Vergi&nbsp;Hukuku...<\/p><a \n                                    href=\"https:\/\/yeni.maliyeokulu.org.tr\/?p=17476\" \n                                    class=\"eael-post-elements-readmore-btn\"\n                                    \n                                    >\n                                    T\u0131klay\u0131n\u0131z<\/a><\/div><\/div>\n                <\/div><div class=\"eael-entry-footer\"><div class=\"eael-entry-meta\"><div class=\"eael-posted-on\"><time datetime=\"02\/03\/2025\">02\/03\/2025<\/time><\/div><\/div><\/div><\/div>\n    <\/div>\n<\/article><article class=\"eael-post-block-item eael-post-block-column\">\n    <div class=\"eael-post-block-item-holder\">\n        <div class=\"eael-post-block-item-holder-inner\"><div class=\"eael-entry-media\">\n                    <div class=\"eael-entry-overlay fade-in\"><i class=\"fas fa-long-arrow-alt-right\" aria-hidden=\"true\"><\/i><a href=\"https:\/\/yeni.maliyeokulu.org.tr\/?p=4946\"\n                    \n                    >\n                    <\/a>\n                    <\/div>\n                    <div class=\"eael-entry-thumbnail eael-image-ratio\">\n                        <img decoding=\"async\" src=\"https:\/\/yeni.maliyeokulu.org.tr\/wp-content\/uploads\/2019\/01\/mustafakmlbulut-e1686337503892-300x300.jpg\" alt=\"mustafakmlbulut\">\n                    <\/div>\n                <\/div><div class=\"eael-entry-wrapper\"><header class=\"eael-entry-header\"><h2 class=\"eael-entry-title\">\n                                    <a class=\"eael-grid-post-link\" href=\"https:\/\/yeni.maliyeokulu.org.tr\/?p=4946\" title=\"Do\u011frudan Tahsilata Dan\u0131\u015ftay Ge\u00e7it Vermedi\">\n                                    Do\u011frudan Tahsilata Dan\u0131\u015ftay Ge\u00e7it Vermedi\n                                    <\/a>\n\n                                <\/h2><\/header><div class=\"eael-entry-content\"><div class=\"eael-grid-post-excerpt\"><p>Mustafa Kemal...<\/p><a \n                                    href=\"https:\/\/yeni.maliyeokulu.org.tr\/?p=4946\" \n                                    class=\"eael-post-elements-readmore-btn\"\n                                    \n                                    >\n                                    T\u0131klay\u0131n\u0131z<\/a><\/div><\/div>\n                <\/div><div class=\"eael-entry-footer\"><div class=\"eael-entry-meta\"><div class=\"eael-posted-on\"><time datetime=\"16\/01\/2019\">16\/01\/2019<\/time><\/div><\/div><\/div><\/div>\n    <\/div>\n<\/article><article class=\"eael-post-block-item eael-post-block-column\">\n    <div class=\"eael-post-block-item-holder\">\n        <div class=\"eael-post-block-item-holder-inner\"><div class=\"eael-entry-media\">\n                    <div class=\"eael-entry-overlay fade-in\"><i class=\"fas fa-long-arrow-alt-right\" aria-hidden=\"true\"><\/i><a href=\"https:\/\/yeni.maliyeokulu.org.tr\/?p=4664\"\n                    \n                    >\n                    <\/a>\n                    <\/div>\n                    <div class=\"eael-entry-thumbnail eael-image-ratio\">\n                        <img decoding=\"async\" src=\"https:\/\/yeni.maliyeokulu.org.tr\/wp-content\/uploads\/2019\/01\/mustafakmlbulut-e1686337503892-300x300.jpg\" alt=\"mustafakmlbulut\">\n                    <\/div>\n                <\/div><div class=\"eael-entry-wrapper\"><header class=\"eael-entry-header\"><h2 class=\"eael-entry-title\">\n                                    <a class=\"eael-grid-post-link\" href=\"https:\/\/yeni.maliyeokulu.org.tr\/?p=4664\" title=\"Royalti ve Lisans \u00dccretleri \u0130le Di\u011fer G\u00fcmr\u00fck K\u0131ymeti Unsurlar\u0131na Ait KDV\">\n                                    Royalti ve Lisans \u00dccretleri \u0130le Di\u011fer G\u00fcmr\u00fck K\u0131ymeti Unsurlar\u0131na Ait KDV\n                                    <\/a>\n\n                                <\/h2><\/header><div class=\"eael-entry-content\"><div class=\"eael-grid-post-excerpt\"><p>G\u00dcMR\u00dcK \u0130DARES\u0130NE...<\/p><a \n                                    href=\"https:\/\/yeni.maliyeokulu.org.tr\/?p=4664\" \n                                    class=\"eael-post-elements-readmore-btn\"\n                                    \n                                    >\n                                    T\u0131klay\u0131n\u0131z<\/a><\/div><\/div>\n                <\/div><div class=\"eael-entry-footer\"><div class=\"eael-entry-meta\"><div class=\"eael-posted-on\"><time datetime=\"04\/06\/2012\">04\/06\/2012<\/time><\/div><\/div><\/div><\/div>\n    <\/div>\n<\/article><article class=\"eael-post-block-item eael-post-block-column\">\n    <div class=\"eael-post-block-item-holder\">\n        <div class=\"eael-post-block-item-holder-inner\"><div class=\"eael-entry-media\">\n                    <div class=\"eael-entry-overlay fade-in\"><i class=\"fas fa-long-arrow-alt-right\" aria-hidden=\"true\"><\/i><a href=\"https:\/\/yeni.maliyeokulu.org.tr\/?p=4463\"\n                    \n                    >\n                    <\/a>\n                    <\/div>\n                    <div class=\"eael-entry-thumbnail eael-image-ratio\">\n                        <img decoding=\"async\" src=\"https:\/\/yeni.maliyeokulu.org.tr\/wp-content\/uploads\/2018\/11\/mcardak-300x300.jpg\" alt=\"mcardak\">\n                    <\/div>\n                <\/div><div class=\"eael-entry-wrapper\"><header class=\"eael-entry-header\"><h2 class=\"eael-entry-title\">\n                                    <a class=\"eael-grid-post-link\" href=\"https:\/\/yeni.maliyeokulu.org.tr\/?p=4463\" title=\"G\u00fcmr\u00fck M\u00fc\u015favirlerinin &#8216;Asgari \u00dccret Tarifesi&#8217;\">\n                                    G\u00fcmr\u00fck M\u00fc\u015favirlerinin &#8216;Asgari \u00dccret Tarifesi&#8217;\n                                    <\/a>\n\n                                <\/h2><\/header><div class=\"eael-entry-content\"><div class=\"eael-grid-post-excerpt\"><p>Mehmet \u00c7ardak...<\/p><a \n                                    href=\"https:\/\/yeni.maliyeokulu.org.tr\/?p=4463\" \n                                    class=\"eael-post-elements-readmore-btn\"\n                                    \n                                    >\n                                    T\u0131klay\u0131n\u0131z<\/a><\/div><\/div>\n                <\/div><div class=\"eael-entry-footer\"><div class=\"eael-entry-meta\"><div class=\"eael-posted-on\"><time datetime=\"13\/02\/2010\">13\/02\/2010<\/time><\/div><\/div><\/div><\/div>\n    <\/div>\n<\/article><article class=\"eael-post-block-item eael-post-block-column\">\n    <div class=\"eael-post-block-item-holder\">\n        <div class=\"eael-post-block-item-holder-inner\"><div class=\"eael-entry-media\">\n                    <div class=\"eael-entry-overlay fade-in\"><i class=\"fas fa-long-arrow-alt-right\" aria-hidden=\"true\"><\/i><a href=\"https:\/\/yeni.maliyeokulu.org.tr\/?p=4402\"\n                    \n                    >\n                    <\/a>\n                    <\/div>\n                    <div class=\"eael-entry-thumbnail eael-image-ratio\">\n                        <img decoding=\"async\" src=\"https:\/\/yeni.maliyeokulu.org.tr\/wp-content\/uploads\/2018\/11\/mcardak-300x300.jpg\" alt=\"mcardak\">\n                    <\/div>\n                <\/div><div class=\"eael-entry-wrapper\"><header class=\"eael-entry-header\"><h2 class=\"eael-entry-title\">\n                                    <a class=\"eael-grid-post-link\" href=\"https:\/\/yeni.maliyeokulu.org.tr\/?p=4402\" title=\"Sonradan Kontrol ve G\u00fcmr\u00fckler\">\n                                    Sonradan Kontrol ve G\u00fcmr\u00fckler\n                                    <\/a>\n\n                                <\/h2><\/header><div class=\"eael-entry-content\"><div class=\"eael-grid-post-excerpt\"><p>Mehmet \u00c7ardak...<\/p><a \n                                    href=\"https:\/\/yeni.maliyeokulu.org.tr\/?p=4402\" \n                                    class=\"eael-post-elements-readmore-btn\"\n                                    \n                                    >\n                                    T\u0131klay\u0131n\u0131z<\/a><\/div><\/div>\n                <\/div><div class=\"eael-entry-footer\"><div class=\"eael-entry-meta\"><div class=\"eael-posted-on\"><time datetime=\"09\/09\/2009\">09\/09\/2009<\/time><\/div><\/div><\/div><\/div>\n    <\/div>\n<\/article><article class=\"eael-post-block-item eael-post-block-column\">\n    <div class=\"eael-post-block-item-holder\">\n        <div class=\"eael-post-block-item-holder-inner\"><div class=\"eael-entry-media\">\n                    <div class=\"eael-entry-overlay fade-in\"><i class=\"fas fa-long-arrow-alt-right\" aria-hidden=\"true\"><\/i><a href=\"https:\/\/yeni.maliyeokulu.org.tr\/?p=4381\"\n                    \n                    >\n                    <\/a>\n                    <\/div>\n                    <div class=\"eael-entry-thumbnail eael-image-ratio\">\n                        <img decoding=\"async\" src=\"https:\/\/yeni.maliyeokulu.org.tr\/wp-content\/uploads\/2009\/08\/nejatcogal.jpg\" alt=\"\">\n                    <\/div>\n                <\/div><div class=\"eael-entry-wrapper\"><header class=\"eael-entry-header\"><h2 class=\"eael-entry-title\">\n                                    <a class=\"eael-grid-post-link\" href=\"https:\/\/yeni.maliyeokulu.org.tr\/?p=4381\" title=\"G\u00fcmr\u00fck Birli\u011finin D\u0131\u015f Ticaretimiz \u00dczerine Etkileri\">\n                                    G\u00fcmr\u00fck Birli\u011finin D\u0131\u015f Ticaretimiz \u00dczerine Etkileri\n                                    <\/a>\n\n                                <\/h2><\/header><div class=\"eael-entry-content\"><div class=\"eael-grid-post-excerpt\"><p>Nejat \u00c7o\u011fal...<\/p><a \n                                    href=\"https:\/\/yeni.maliyeokulu.org.tr\/?p=4381\" \n                                    class=\"eael-post-elements-readmore-btn\"\n                                    \n                                    >\n                                    T\u0131klay\u0131n\u0131z<\/a><\/div><\/div>\n                <\/div><div class=\"eael-entry-footer\"><div class=\"eael-entry-meta\"><div class=\"eael-posted-on\"><time datetime=\"02\/08\/2009\">02\/08\/2009<\/time><\/div><\/div><\/div><\/div>\n    <\/div>\n<\/article><article class=\"eael-post-block-item eael-post-block-column\">\n    <div class=\"eael-post-block-item-holder\">\n        <div class=\"eael-post-block-item-holder-inner\"><div class=\"eael-entry-media\">\n                    <div class=\"eael-entry-overlay fade-in\"><i class=\"fas fa-long-arrow-alt-right\" aria-hidden=\"true\"><\/i><a href=\"https:\/\/yeni.maliyeokulu.org.tr\/?p=4321\"\n                    \n                    >\n                    <\/a>\n                    <\/div>\n                    <div class=\"eael-entry-thumbnail eael-image-ratio\">\n                        <img decoding=\"async\" src=\"https:\/\/yeni.maliyeokulu.org.tr\/wp-content\/uploads\/2009\/05\/mkbulut-300x300.jpg\" alt=\"\">\n                    <\/div>\n                <\/div><div class=\"eael-entry-wrapper\"><header class=\"eael-entry-header\"><h2 class=\"eael-entry-title\">\n                                    <a class=\"eael-grid-post-link\" href=\"https:\/\/yeni.maliyeokulu.org.tr\/?p=4321\" title=\"G\u00fcmr\u00fck Vergisine E\u015f Etkili Vergi ve Mali Y\u00fcklerin G\u00fcmr\u00fck Vergisi Tan\u0131m\u0131 Kapsam\u0131nda De\u011ferlendirmesi\">\n                                    G\u00fcmr\u00fck Vergisine E\u015f Etkili Vergi ve Mali Y\u00fcklerin G\u00fcmr\u00fck Vergisi Tan\u0131m\u0131 Kapsam\u0131nda De\u011ferlendirmesi\n                                    <\/a>\n\n                                <\/h2><\/header><div class=\"eael-entry-content\"><div class=\"eael-grid-post-excerpt\"><p>&nbsp; G\u0130R\u0130\u015e...<\/p><a \n                                    href=\"https:\/\/yeni.maliyeokulu.org.tr\/?p=4321\" \n                                    class=\"eael-post-elements-readmore-btn\"\n                                    \n                                    >\n                                    T\u0131klay\u0131n\u0131z<\/a><\/div><\/div>\n                <\/div><div class=\"eael-entry-footer\"><div class=\"eael-entry-meta\"><div class=\"eael-posted-on\"><time datetime=\"06\/05\/2009\">06\/05\/2009<\/time><\/div><\/div><\/div><\/div>\n    <\/div>\n<\/article><article class=\"eael-post-block-item eael-post-block-column\">\n    <div class=\"eael-post-block-item-holder\">\n        <div class=\"eael-post-block-item-holder-inner\"><div class=\"eael-entry-media\">\n                    <div class=\"eael-entry-overlay fade-in\"><i class=\"fas fa-long-arrow-alt-right\" aria-hidden=\"true\"><\/i><a href=\"https:\/\/yeni.maliyeokulu.org.tr\/?p=4319\"\n                    \n                    >\n                    <\/a>\n                    <\/div>\n                    <div class=\"eael-entry-thumbnail eael-image-ratio\">\n                        <img decoding=\"async\" src=\"https:\/\/yeni.maliyeokulu.org.tr\/wp-content\/uploads\/2009\/05\/mkbulut-300x300.jpg\" alt=\"\">\n                    <\/div>\n                <\/div><div class=\"eael-entry-wrapper\"><header class=\"eael-entry-header\"><h2 class=\"eael-entry-title\">\n                                    <a class=\"eael-grid-post-link\" href=\"https:\/\/yeni.maliyeokulu.org.tr\/?p=4319\" title=\"Sonradan Kontrol ve Riskli \u0130\u015flemlerin Kontrol\u00fc: G\u00fcmr\u00fck \u0130daresinin Yeni Denetim Yakla\u015f\u0131m\u0131\">\n                                    Sonradan Kontrol ve Riskli \u0130\u015flemlerin Kontrol\u00fc: G\u00fcmr\u00fck \u0130daresinin Yeni Denetim Yakla\u015f\u0131m\u0131\n                                    <\/a>\n\n                                <\/h2><\/header><div class=\"eael-entry-content\"><div class=\"eael-grid-post-excerpt\"><p>G\u00fcn\u00fcm\u00fczde uluslararas\u0131...<\/p><a \n                                    href=\"https:\/\/yeni.maliyeokulu.org.tr\/?p=4319\" \n                                    class=\"eael-post-elements-readmore-btn\"\n                                    \n                                    >\n                                    T\u0131klay\u0131n\u0131z<\/a><\/div><\/div>\n                <\/div><div class=\"eael-entry-footer\"><div class=\"eael-entry-meta\"><div class=\"eael-posted-on\"><time datetime=\"06\/05\/2009\">06\/05\/2009<\/time><\/div><\/div><\/div><\/div>\n    <\/div>\n<\/article><\/div>\n\t\t<\/div>\t\t\t\t<\/div>\n\t\t\t\t<\/div>\n\t\t\t\t\t<\/div>\n\t\t\t\t<\/div>\n\t\t\t\t<\/div>\n\t\t","protected":false},"excerpt":{"rendered":"<p>Makaleler G\u00dcMR\u00dcK HUHUKU MAKALELER\u0130 G\u00dcMR\u00dcK BEYANNAMES\u0130NE D\u00d6V\u0130Z C\u0130NS\u0130N\u0130N YANLI\u015e\/HATALI YAZILMASI VERG\u0130 KAYBI CEZASINI GEREKT\u0130R\u0130R M\u0130? Makaleler Vergi&nbsp;Hukuku&#8230; T\u0131klay\u0131n\u0131z 02\/03\/2025 Do\u011frudan Tahsilata Dan\u0131\u015ftay Ge\u00e7it Vermedi &#8230; T\u0131klay\u0131n\u0131z 16\/01\/2019 Royalti ve Lisans \u00dccretleri \u0130le Di\u011fer G\u00fcmr\u00fck K\u0131ymeti Unsurlar\u0131na Ait KDV &#8230; T\u0131klay\u0131n\u0131z 04\/06\/2012 G\u00fcmr\u00fck M\u00fc\u015favirlerinin &#8216;Asgari \u00dccret Tarifesi&#8217; Mehmet \u00c7ardak&#8230; T\u0131klay\u0131n\u0131z 13\/02\/2010 Sonradan Kontrol ve G\u00fcmr\u00fckler Mehmet [&hellip;]<\/p>\n","protected":false},"author":1,"featured_media":0,"parent":0,"menu_order":0,"comment_status":"closed","ping_status":"closed","template":"elementor_header_footer","meta":{"_eb_attr":"","_gspb_post_css":"","_crdt_document":"","footnotes":""},"class_list":["post-97","page","type-page","status-publish","hentry"],"blocksy_meta":[],"_links":{"self":[{"href":"https:\/\/yeni.maliyeokulu.org.tr\/index.php?rest_route=\/wp\/v2\/pages\/97","targetHints":{"allow":["GET"]}}],"collection":[{"href":"https:\/\/yeni.maliyeokulu.org.tr\/index.php?rest_route=\/wp\/v2\/pages"}],"about":[{"href":"https:\/\/yeni.maliyeokulu.org.tr\/index.php?rest_route=\/wp\/v2\/types\/page"}],"author":[{"embeddable":true,"href":"https:\/\/yeni.maliyeokulu.org.tr\/index.php?rest_route=\/wp\/v2\/users\/1"}],"replies":[{"embeddable":true,"href":"https:\/\/yeni.maliyeokulu.org.tr\/index.php?rest_route=%2Fwp%2Fv2%2Fcomments&post=97"}],"version-history":[{"count":22,"href":"https:\/\/yeni.maliyeokulu.org.tr\/index.php?rest_route=\/wp\/v2\/pages\/97\/revisions"}],"predecessor-version":[{"id":21695,"href":"https:\/\/yeni.maliyeokulu.org.tr\/index.php?rest_route=\/wp\/v2\/pages\/97\/revisions\/21695"}],"wp:attachment":[{"href":"https:\/\/yeni.maliyeokulu.org.tr\/index.php?rest_route=%2Fwp%2Fv2%2Fmedia&parent=97"}],"curies":[{"name":"wp","href":"https:\/\/api.w.org\/{rel}","templated":true}]}}